{"id":680,"date":"2025-08-06T20:28:45","date_gmt":"2025-08-06T20:28:45","guid":{"rendered":"https:\/\/muziohnossa.com\/?page_id=680"},"modified":"2025-08-06T20:35:15","modified_gmt":"2025-08-06T20:35:15","slug":"corvina","status":"publish","type":"page","link":"https:\/\/muziohnossa.com\/index.php\/corvina\/","title":{"rendered":"Corvina"},"content":{"rendered":"\t\t<div data-elementor-type=\"wp-page\" data-elementor-id=\"680\" class=\"elementor elementor-680\">\n\t\t\t\t<div class=\"elementor-element elementor-element-82d8c9a e-flex e-con-boxed wpr-particle-no wpr-jarallax-no wpr-parallax-no wpr-sticky-section-no e-con e-parent\" data-id=\"82d8c9a\" data-element_type=\"container\">\n\t\t\t\t\t<div class=\"e-con-inner\">\n\t\t\t\t<div class=\"elementor-element elementor-element-a70009c elementor-widget elementor-widget-heading\" data-id=\"a70009c\" data-element_type=\"widget\" data-widget_type=\"heading.default\">\n\t\t\t\t\t<h3 class=\"elementor-heading-title elementor-size-default\">Corvina<\/h3>\t\t\t\t<\/div>\n\t\t<div class=\"elementor-element elementor-element-6ff9029 e-con-full e-flex wpr-particle-no wpr-jarallax-no wpr-parallax-no wpr-sticky-section-no e-con e-child\" data-id=\"6ff9029\" data-element_type=\"container\">\n\t\t<div class=\"elementor-element elementor-element-994006a e-con-full e-flex wpr-particle-no wpr-jarallax-no wpr-parallax-no wpr-sticky-section-no e-con e-child\" data-id=\"994006a\" data-element_type=\"container\">\n\t\t\t\t<div class=\"elementor-element elementor-element-d94d482 elementor-widget elementor-widget-image\" data-id=\"d94d482\" data-element_type=\"widget\" data-widget_type=\"image.default\">\n\t\t\t\t\t\t\t\t\t\t\t\t\t\t\t<img fetchpriority=\"high\" decoding=\"async\" width=\"600\" height=\"400\" src=\"https:\/\/muziohnossa.com\/wp-content\/uploads\/2025\/08\/corvina.jpg\" class=\"attachment-large size-large wp-image-603\" alt=\"\" srcset=\"https:\/\/muziohnossa.com\/wp-content\/uploads\/2025\/08\/corvina.jpg 600w, https:\/\/muziohnossa.com\/wp-content\/uploads\/2025\/08\/corvina-300x200.jpg 300w\" sizes=\"(max-width: 600px) 100vw, 600px\" \/>\t\t\t\t\t\t\t\t\t\t\t\t\t\t\t<\/div>\n\t\t\t\t<\/div>\n\t\t<div class=\"elementor-element elementor-element-2458dfd e-con-full e-flex wpr-particle-no wpr-jarallax-no wpr-parallax-no wpr-sticky-section-no e-con e-child\" data-id=\"2458dfd\" data-element_type=\"container\">\n\t\t\t\t<div class=\"elementor-element elementor-element-5039d54 elementor-widget-mobile__width-inherit elementor-widget__width-inherit elementor-widget elementor-widget-text-editor\" data-id=\"5039d54\" data-element_type=\"widget\" data-widget_type=\"text-editor.default\">\n\t\t\t\t\t\t\t\t\t<p><strong>Nombres cient\u00edficos sin\u00f3nimos todav\u00eda en uso<\/strong><\/p><p><em>Micropogonias furnieri<\/em><\/p><p><strong>Otros nombres comunes<\/strong><strong>\u00a0en Am\u00e9rica Latina<\/strong><\/p><p>Argentina: corvina, curvina, roncadora.<\/p><p>Brasil: corvina, corvinata, corvina-marisqueira, corvina-linha, cascuda<\/p><p>Colombia: corvinata, curvinata<\/p><p>Cuba: verrugato<\/p><p>Guayana Francesa:\u00a0<em>acoupa cheval<\/em><\/p><p>Uruguay: corvina, mingo (al joven)<\/p><p>Venezuela: roncador, corvinata, curvinata<\/p><p><strong>Nombre com\u00fan en ingl\u00e9s<\/strong><\/p><p><em>Yellow Croaker<\/em><\/p><p><strong>Distribuci\u00f3n<\/strong><strong>\u00a0geogr\u00e1fica y comportamiento<\/strong><\/p><p>Est\u00e1 presente en la costa este americana desde Veracruz, M\u00e9xico (20\u00b0 20\u2019 N) hasta El Rinc\u00f3n, en Argentina (41\u00b0 00\u2019 S), espor\u00e1dicamente en la costa norte del Golfo San Mat\u00edas (41\u00b0 10\u2019 S). Est\u00e1 citada tambi\u00e9n en islas del Caribe (Cuba).<\/p><p>Es una especie eurihalina, es decir se adapta a ambientes muy diferentes en cuanto a la salinidad, por eso habita tanto en la zona estuarial del R\u00edo de la Plata, con salinidades que var\u00edan entre 4 y 27 por mil\u00a0 como en El Rinc\u00f3n, donde las salinidades pueden alcanzar los 34 por mil.<\/p><p>No se sabe con certeza si realiza migraciones. En el oto\u00f1o se ha observado mayor abundancia de efectivos que en la primavera y se ha comprobado, tambi\u00e9n en oto\u00f1o, la presencia de ejemplares grandes en el extremo norte de la Zona Com\u00fan de Pesca Argentino-Uruguaya (34\u00b0-35\u00b0 S) que desaparecen en primavera.<\/p><p><strong>Flota pesquera y artes<\/strong><strong>\u00a0de captura<\/strong><\/p><p>La flota que tradicionalmente captura esta especie en Argentina es la de rada o r\u00eda. Tambi\u00e9n lo hace la costera.<\/p><p>Las artes de pesca empleadas son la red de arrastre de fondo con portones, la red de arrastre de fondo para pesca a la pareja y la l\u00ednea, las dos \u00faltimas por parte de la flota costera.<\/p><p><strong>Formas de\u00a0comercializaci\u00f3n\u00a0<\/strong><\/p><p>Se la comercializa entera, congelada en el mercado externo y fresca en el interno.<\/p>\t\t\t\t\t\t\t\t<\/div>\n\t\t\t\t<\/div>\n\t\t\t\t<\/div>\n\t\t\t\t\t<\/div>\n\t\t\t\t<\/div>\n\t\t\t\t<\/div>\n\t\t","protected":false},"excerpt":{"rendered":"<p>Corvina Nombres cient\u00edficos sin\u00f3nimos todav\u00eda en uso Micropogonias furnieri Otros nombres comunes\u00a0en Am\u00e9rica Latina Argentina: corvina, curvina, roncadora. Brasil: corvina, corvinata, corvina-marisqueira, corvina-linha, cascuda Colombia: corvinata, curvinata Cuba: verrugato Guayana Francesa:\u00a0acoupa cheval Uruguay: corvina, mingo (al joven) Venezuela: roncador, corvinata, curvinata Nombre com\u00fan en ingl\u00e9s Yellow Croaker Distribuci\u00f3n\u00a0geogr\u00e1fica y comportamiento Est\u00e1 presente en la costa este americana desde Veracruz, M\u00e9xico (20\u00b0 20\u2019 N) hasta El Rinc\u00f3n, en Argentina (41\u00b0 00\u2019 S), espor\u00e1dicamente en la costa norte del Golfo San Mat\u00edas (41\u00b0 10\u2019 S). Est\u00e1 citada tambi\u00e9n en islas del Caribe (Cuba). Es una especie eurihalina, es decir se adapta a ambientes muy diferentes en cuanto a la salinidad, por eso habita tanto en la zona estuarial del R\u00edo de la Plata, con salinidades que var\u00edan entre 4 y 27 por mil\u00a0 como en El Rinc\u00f3n, donde las salinidades pueden alcanzar los 34 por mil. No se sabe con certeza si realiza migraciones. En el oto\u00f1o se ha observado mayor abundancia de efectivos que en la primavera y se ha comprobado, tambi\u00e9n en oto\u00f1o, la presencia de ejemplares grandes en el extremo norte de la Zona Com\u00fan de Pesca Argentino-Uruguaya (34\u00b0-35\u00b0 S) que desaparecen en primavera. Flota pesquera y artes\u00a0de captura La flota que tradicionalmente captura esta especie en Argentina es la de rada o r\u00eda. Tambi\u00e9n lo hace la costera. Las artes de pesca empleadas son la red de arrastre de fondo con portones, la red de arrastre de fondo para pesca a la pareja y la l\u00ednea, las dos \u00faltimas por parte de la flota costera. Formas de\u00a0comercializaci\u00f3n\u00a0 Se la comercializa entera, congelada en el mercado externo y fresca en el interno.<\/p>\n","protected":false},"author":1,"featured_media":0,"parent":0,"menu_order":0,"comment_status":"closed","ping_status":"closed","template":"","meta":{"site-sidebar-layout":"no-sidebar","site-content-layout":"","ast-site-content-layout":"full-width-container","site-content-style":"default","site-sidebar-style":"default","ast-global-header-display":"","ast-banner-title-visibility":"","ast-main-header-display":"","ast-hfb-above-header-display":"","ast-hfb-below-header-display":"","ast-hfb-mobile-header-display":"","site-post-title":"disabled","ast-breadcrumbs-content":"","ast-featured-img":"disabled","footer-sml-layout":"","theme-transparent-header-meta":"","adv-header-id-meta":"","stick-header-meta":"","header-above-stick-meta":"","header-main-stick-meta":"","header-below-stick-meta":"","astra-migrate-meta-layouts":"default","ast-page-background-enabled":"default","ast-page-background-meta":{"desktop":{"background-color":"var(--ast-global-color-5)","background-image":"","background-repeat":"repeat","background-position":"center center","background-size":"auto","background-attachment":"scroll","background-type":"","background-media":"","overlay-type":"","overlay-color":"","overlay-opacity":"","overlay-gradient":""},"tablet":{"background-color":"","background-image":"","background-repeat":"repeat","background-position":"center center","background-size":"auto","background-attachment":"scroll","background-type":"","background-media":"","overlay-type":"","overlay-color":"","overlay-opacity":"","overlay-gradient":""},"mobile":{"background-color":"","background-image":"","background-repeat":"repeat","background-position":"center center","background-size":"auto","background-attachment":"scroll","background-type":"","background-media":"","overlay-type":"","overlay-color":"","overlay-opacity":"","overlay-gradient":""}},"ast-content-background-meta":{"desktop":{"background-color":"var(--ast-global-color-4)","background-image":"","background-repeat":"repeat","background-position":"center center","background-size":"auto","background-attachment":"scroll","background-type":"","background-media":"","overlay-type":"","overlay-color":"","overlay-opacity":"","overlay-gradient":""},"tablet":{"background-color":"var(--ast-global-color-4)","background-image":"","background-repeat":"repeat","background-position":"center center","background-size":"auto","background-attachment":"scroll","background-type":"","background-media":"","overlay-type":"","overlay-color":"","overlay-opacity":"","overlay-gradient":""},"mobile":{"background-color":"var(--ast-global-color-4)","background-image":"","background-repeat":"repeat","background-position":"center center","background-size":"auto","background-attachment":"scroll","background-type":"","background-media":"","overlay-type":"","overlay-color":"","overlay-opacity":"","overlay-gradient":""}},"footnotes":""},"class_list":["post-680","page","type-page","status-publish","hentry"],"yoast_head":"<!-- This site is optimized with the Yoast SEO plugin v25.7 - https:\/\/yoast.com\/wordpress\/plugins\/seo\/ -->\n<title>Corvina - Muzio Hnos SA<\/title>\n<meta name=\"robots\" content=\"index, follow, max-snippet:-1, max-image-preview:large, max-video-preview:-1\" \/>\n<link rel=\"canonical\" href=\"https:\/\/muziohnossa.com\/index.php\/corvina\/\" \/>\n<meta property=\"og:locale\" content=\"en_US\" \/>\n<meta property=\"og:type\" content=\"article\" \/>\n<meta property=\"og:title\" content=\"Corvina - Muzio Hnos SA\" \/>\n<meta property=\"og:description\" content=\"Corvina Nombres cient\u00edficos sin\u00f3nimos todav\u00eda en uso Micropogonias furnieri Otros nombres comunes\u00a0en Am\u00e9rica Latina Argentina: corvina, curvina, roncadora. Brasil: corvina, corvinata, corvina-marisqueira, corvina-linha, cascuda Colombia: corvinata, curvinata Cuba: verrugato Guayana Francesa:\u00a0acoupa cheval Uruguay: corvina, mingo (al joven) Venezuela: roncador, corvinata, curvinata Nombre com\u00fan en ingl\u00e9s Yellow Croaker Distribuci\u00f3n\u00a0geogr\u00e1fica y comportamiento Est\u00e1 presente en la costa este americana desde Veracruz, M\u00e9xico (20\u00b0 20\u2019 N) hasta El Rinc\u00f3n, en Argentina (41\u00b0 00\u2019 S), espor\u00e1dicamente en la costa norte del Golfo San Mat\u00edas (41\u00b0 10\u2019 S). Est\u00e1 citada tambi\u00e9n en islas del Caribe (Cuba). Es una especie eurihalina, es decir se adapta a ambientes muy diferentes en cuanto a la salinidad, por eso habita tanto en la zona estuarial del R\u00edo de la Plata, con salinidades que var\u00edan entre 4 y 27 por mil\u00a0 como en El Rinc\u00f3n, donde las salinidades pueden alcanzar los 34 por mil. No se sabe con certeza si realiza migraciones. En el oto\u00f1o se ha observado mayor abundancia de efectivos que en la primavera y se ha comprobado, tambi\u00e9n en oto\u00f1o, la presencia de ejemplares grandes en el extremo norte de la Zona Com\u00fan de Pesca Argentino-Uruguaya (34\u00b0-35\u00b0 S) que desaparecen en primavera. Flota pesquera y artes\u00a0de captura La flota que tradicionalmente captura esta especie en Argentina es la de rada o r\u00eda. Tambi\u00e9n lo hace la costera. Las artes de pesca empleadas son la red de arrastre de fondo con portones, la red de arrastre de fondo para pesca a la pareja y la l\u00ednea, las dos \u00faltimas por parte de la flota costera. Formas de\u00a0comercializaci\u00f3n\u00a0 Se la comercializa entera, congelada en el mercado externo y fresca en el interno.\" \/>\n<meta property=\"og:url\" content=\"https:\/\/muziohnossa.com\/index.php\/corvina\/\" \/>\n<meta property=\"og:site_name\" content=\"Muzio Hnos SA\" \/>\n<meta property=\"article:modified_time\" content=\"2025-08-06T20:35:15+00:00\" \/>\n<meta property=\"og:image\" content=\"https:\/\/muziohnossa.com\/wp-content\/uploads\/2025\/08\/corvina.jpg\" \/>\n\t<meta property=\"og:image:width\" content=\"600\" \/>\n\t<meta property=\"og:image:height\" content=\"400\" \/>\n\t<meta property=\"og:image:type\" content=\"image\/jpeg\" \/>\n<meta name=\"twitter:card\" content=\"summary_large_image\" \/>\n<meta name=\"twitter:label1\" content=\"Est. reading time\" \/>\n\t<meta name=\"twitter:data1\" content=\"1 minute\" \/>\n<script type=\"application\/ld+json\" class=\"yoast-schema-graph\">{\"@context\":\"https:\/\/schema.org\",\"@graph\":[{\"@type\":\"WebPage\",\"@id\":\"https:\/\/muziohnossa.com\/index.php\/corvina\/\",\"url\":\"https:\/\/muziohnossa.com\/index.php\/corvina\/\",\"name\":\"Corvina - Muzio Hnos SA\",\"isPartOf\":{\"@id\":\"https:\/\/muziohnossa.com\/#website\"},\"primaryImageOfPage\":{\"@id\":\"https:\/\/muziohnossa.com\/index.php\/corvina\/#primaryimage\"},\"image\":{\"@id\":\"https:\/\/muziohnossa.com\/index.php\/corvina\/#primaryimage\"},\"thumbnailUrl\":\"https:\/\/muziohnossa.com\/wp-content\/uploads\/2025\/08\/corvina.jpg\",\"datePublished\":\"2025-08-06T20:28:45+00:00\",\"dateModified\":\"2025-08-06T20:35:15+00:00\",\"breadcrumb\":{\"@id\":\"https:\/\/muziohnossa.com\/index.php\/corvina\/#breadcrumb\"},\"inLanguage\":\"en-US\",\"potentialAction\":[{\"@type\":\"ReadAction\",\"target\":[\"https:\/\/muziohnossa.com\/index.php\/corvina\/\"]}]},{\"@type\":\"ImageObject\",\"inLanguage\":\"en-US\",\"@id\":\"https:\/\/muziohnossa.com\/index.php\/corvina\/#primaryimage\",\"url\":\"https:\/\/muziohnossa.com\/wp-content\/uploads\/2025\/08\/corvina.jpg\",\"contentUrl\":\"https:\/\/muziohnossa.com\/wp-content\/uploads\/2025\/08\/corvina.jpg\",\"width\":600,\"height\":400},{\"@type\":\"BreadcrumbList\",\"@id\":\"https:\/\/muziohnossa.com\/index.php\/corvina\/#breadcrumb\",\"itemListElement\":[{\"@type\":\"ListItem\",\"position\":1,\"name\":\"Home\",\"item\":\"https:\/\/muziohnossa.com\/\"},{\"@type\":\"ListItem\",\"position\":2,\"name\":\"Corvina\"}]},{\"@type\":\"WebSite\",\"@id\":\"https:\/\/muziohnossa.com\/#website\",\"url\":\"https:\/\/muziohnossa.com\/\",\"name\":\"Muzio Hnos SA\",\"description\":\"\",\"publisher\":{\"@id\":\"https:\/\/muziohnossa.com\/#organization\"},\"potentialAction\":[{\"@type\":\"SearchAction\",\"target\":{\"@type\":\"EntryPoint\",\"urlTemplate\":\"https:\/\/muziohnossa.com\/?s={search_term_string}\"},\"query-input\":{\"@type\":\"PropertyValueSpecification\",\"valueRequired\":true,\"valueName\":\"search_term_string\"}}],\"inLanguage\":\"en-US\"},{\"@type\":\"Organization\",\"@id\":\"https:\/\/muziohnossa.com\/#organization\",\"name\":\"Muzio Hnos SA\",\"url\":\"https:\/\/muziohnossa.com\/\",\"logo\":{\"@type\":\"ImageObject\",\"inLanguage\":\"en-US\",\"@id\":\"https:\/\/muziohnossa.com\/#\/schema\/logo\/image\/\",\"url\":\"https:\/\/muziohnossa.com\/wp-content\/uploads\/2025\/08\/cropped-iso-logotipo-1.png\",\"contentUrl\":\"https:\/\/muziohnossa.com\/wp-content\/uploads\/2025\/08\/cropped-iso-logotipo-1.png\",\"width\":512,\"height\":512,\"caption\":\"Muzio Hnos SA\"},\"image\":{\"@id\":\"https:\/\/muziohnossa.com\/#\/schema\/logo\/image\/\"}}]}<\/script>\n<!-- \/ Yoast SEO plugin. -->","yoast_head_json":{"title":"Corvina - Muzio Hnos SA","robots":{"index":"index","follow":"follow","max-snippet":"max-snippet:-1","max-image-preview":"max-image-preview:large","max-video-preview":"max-video-preview:-1"},"canonical":"https:\/\/muziohnossa.com\/index.php\/corvina\/","og_locale":"en_US","og_type":"article","og_title":"Corvina - Muzio Hnos SA","og_description":"Corvina Nombres cient\u00edficos sin\u00f3nimos todav\u00eda en uso Micropogonias furnieri Otros nombres comunes\u00a0en Am\u00e9rica Latina Argentina: corvina, curvina, roncadora. Brasil: corvina, corvinata, corvina-marisqueira, corvina-linha, cascuda Colombia: corvinata, curvinata Cuba: verrugato Guayana Francesa:\u00a0acoupa cheval Uruguay: corvina, mingo (al joven) Venezuela: roncador, corvinata, curvinata Nombre com\u00fan en ingl\u00e9s Yellow Croaker Distribuci\u00f3n\u00a0geogr\u00e1fica y comportamiento Est\u00e1 presente en la costa este americana desde Veracruz, M\u00e9xico (20\u00b0 20\u2019 N) hasta El Rinc\u00f3n, en Argentina (41\u00b0 00\u2019 S), espor\u00e1dicamente en la costa norte del Golfo San Mat\u00edas (41\u00b0 10\u2019 S). Est\u00e1 citada tambi\u00e9n en islas del Caribe (Cuba). Es una especie eurihalina, es decir se adapta a ambientes muy diferentes en cuanto a la salinidad, por eso habita tanto en la zona estuarial del R\u00edo de la Plata, con salinidades que var\u00edan entre 4 y 27 por mil\u00a0 como en El Rinc\u00f3n, donde las salinidades pueden alcanzar los 34 por mil. No se sabe con certeza si realiza migraciones. En el oto\u00f1o se ha observado mayor abundancia de efectivos que en la primavera y se ha comprobado, tambi\u00e9n en oto\u00f1o, la presencia de ejemplares grandes en el extremo norte de la Zona Com\u00fan de Pesca Argentino-Uruguaya (34\u00b0-35\u00b0 S) que desaparecen en primavera. Flota pesquera y artes\u00a0de captura La flota que tradicionalmente captura esta especie en Argentina es la de rada o r\u00eda. Tambi\u00e9n lo hace la costera. Las artes de pesca empleadas son la red de arrastre de fondo con portones, la red de arrastre de fondo para pesca a la pareja y la l\u00ednea, las dos \u00faltimas por parte de la flota costera. Formas de\u00a0comercializaci\u00f3n\u00a0 Se la comercializa entera, congelada en el mercado externo y fresca en el interno.","og_url":"https:\/\/muziohnossa.com\/index.php\/corvina\/","og_site_name":"Muzio Hnos SA","article_modified_time":"2025-08-06T20:35:15+00:00","og_image":[{"width":600,"height":400,"url":"https:\/\/muziohnossa.com\/wp-content\/uploads\/2025\/08\/corvina.jpg","type":"image\/jpeg"}],"twitter_card":"summary_large_image","twitter_misc":{"Est. reading time":"1 minute"},"schema":{"@context":"https:\/\/schema.org","@graph":[{"@type":"WebPage","@id":"https:\/\/muziohnossa.com\/index.php\/corvina\/","url":"https:\/\/muziohnossa.com\/index.php\/corvina\/","name":"Corvina - Muzio Hnos SA","isPartOf":{"@id":"https:\/\/muziohnossa.com\/#website"},"primaryImageOfPage":{"@id":"https:\/\/muziohnossa.com\/index.php\/corvina\/#primaryimage"},"image":{"@id":"https:\/\/muziohnossa.com\/index.php\/corvina\/#primaryimage"},"thumbnailUrl":"https:\/\/muziohnossa.com\/wp-content\/uploads\/2025\/08\/corvina.jpg","datePublished":"2025-08-06T20:28:45+00:00","dateModified":"2025-08-06T20:35:15+00:00","breadcrumb":{"@id":"https:\/\/muziohnossa.com\/index.php\/corvina\/#breadcrumb"},"inLanguage":"en-US","potentialAction":[{"@type":"ReadAction","target":["https:\/\/muziohnossa.com\/index.php\/corvina\/"]}]},{"@type":"ImageObject","inLanguage":"en-US","@id":"https:\/\/muziohnossa.com\/index.php\/corvina\/#primaryimage","url":"https:\/\/muziohnossa.com\/wp-content\/uploads\/2025\/08\/corvina.jpg","contentUrl":"https:\/\/muziohnossa.com\/wp-content\/uploads\/2025\/08\/corvina.jpg","width":600,"height":400},{"@type":"BreadcrumbList","@id":"https:\/\/muziohnossa.com\/index.php\/corvina\/#breadcrumb","itemListElement":[{"@type":"ListItem","position":1,"name":"Home","item":"https:\/\/muziohnossa.com\/"},{"@type":"ListItem","position":2,"name":"Corvina"}]},{"@type":"WebSite","@id":"https:\/\/muziohnossa.com\/#website","url":"https:\/\/muziohnossa.com\/","name":"Muzio Hnos SA","description":"","publisher":{"@id":"https:\/\/muziohnossa.com\/#organization"},"potentialAction":[{"@type":"SearchAction","target":{"@type":"EntryPoint","urlTemplate":"https:\/\/muziohnossa.com\/?s={search_term_string}"},"query-input":{"@type":"PropertyValueSpecification","valueRequired":true,"valueName":"search_term_string"}}],"inLanguage":"en-US"},{"@type":"Organization","@id":"https:\/\/muziohnossa.com\/#organization","name":"Muzio Hnos SA","url":"https:\/\/muziohnossa.com\/","logo":{"@type":"ImageObject","inLanguage":"en-US","@id":"https:\/\/muziohnossa.com\/#\/schema\/logo\/image\/","url":"https:\/\/muziohnossa.com\/wp-content\/uploads\/2025\/08\/cropped-iso-logotipo-1.png","contentUrl":"https:\/\/muziohnossa.com\/wp-content\/uploads\/2025\/08\/cropped-iso-logotipo-1.png","width":512,"height":512,"caption":"Muzio Hnos SA"},"image":{"@id":"https:\/\/muziohnossa.com\/#\/schema\/logo\/image\/"}}]}},"_links":{"self":[{"href":"https:\/\/muziohnossa.com\/index.php\/wp-json\/wp\/v2\/pages\/680","targetHints":{"allow":["GET"]}}],"collection":[{"href":"https:\/\/muziohnossa.com\/index.php\/wp-json\/wp\/v2\/pages"}],"about":[{"href":"https:\/\/muziohnossa.com\/index.php\/wp-json\/wp\/v2\/types\/page"}],"author":[{"embeddable":true,"href":"https:\/\/muziohnossa.com\/index.php\/wp-json\/wp\/v2\/users\/1"}],"replies":[{"embeddable":true,"href":"https:\/\/muziohnossa.com\/index.php\/wp-json\/wp\/v2\/comments?post=680"}],"version-history":[{"count":7,"href":"https:\/\/muziohnossa.com\/index.php\/wp-json\/wp\/v2\/pages\/680\/revisions"}],"predecessor-version":[{"id":699,"href":"https:\/\/muziohnossa.com\/index.php\/wp-json\/wp\/v2\/pages\/680\/revisions\/699"}],"wp:attachment":[{"href":"https:\/\/muziohnossa.com\/index.php\/wp-json\/wp\/v2\/media?parent=680"}],"curies":[{"name":"wp","href":"https:\/\/api.w.org\/{rel}","templated":true}]}}